{"id":760,"date":"2025-02-18T14:10:59","date_gmt":"2025-02-18T19:10:59","guid":{"rendered":"https:\/\/senaleditora.com\/?post_type=product&#038;p=760"},"modified":"2025-02-21T16:39:57","modified_gmt":"2025-02-21T21:39:57","slug":"guia-teorico-practica-para-la-cuantificacion-de-perjuicios","status":"publish","type":"product","link":"https:\/\/senaleditora.com\/index.php\/product\/guia-teorico-practica-para-la-cuantificacion-de-perjuicios\/","title":{"rendered":"Gu\u00eda te\u00f3rico-pr\u00e1ctica para la cuantificaci\u00f3n de perjuicios"},"content":{"rendered":"<p><span dir=\"ltr\">Alejandro Gaviria Cardona<\/span><\/p>\n","protected":false},"excerpt":{"rendered":"<p>En esta Guia el autor hace un valioso recorrido por la tipolog\u00eda del da\u00f1o describiendo con precisi\u00f3n aquellos que componen los perjuicios extrapatrimoniales, a saber, da\u00f1o moral, da\u00f1o a la vida de relaci\u00f3n y el da\u00f1o a los bienes de especial protecci\u00f3n constitucional. En el recorrido describe y refiere el origen de este \u00faltimo en la interpretaci\u00f3n y modificaci\u00f3n, por parte del Consejo de Estado en el a\u00f1o 2007, de la alteraci\u00f3n de las condiciones de existencia; de igual modo detalla con precisi\u00f3n y suma actualidad el da\u00f1o a la salud, tambi\u00e9n de la cosecha de la misma corporaci\u00f3n.<\/p>\n","protected":false},"featured_media":761,"comment_status":"open","ping_status":"closed","template":"","meta":[],"product_cat":[15],"product_tag":[],"class_list":{"0":"post-760","1":"product","2":"type-product","3":"status-publish","4":"has-post-thumbnail","6":"product_cat-uncategorized","8":"first","9":"instock","10":"shipping-taxable","11":"purchasable","12":"product-type-simple"},"_links":{"self":[{"href":"https:\/\/senaleditora.com\/index.php\/wp-json\/wp\/v2\/product\/760","targetHints":{"allow":["GET"]}}],"collection":[{"href":"https:\/\/senaleditora.com\/index.php\/wp-json\/wp\/v2\/product"}],"about":[{"href":"https:\/\/senaleditora.com\/index.php\/wp-json\/wp\/v2\/types\/product"}],"replies":[{"embeddable":true,"href":"https:\/\/senaleditora.com\/index.php\/wp-json\/wp\/v2\/comments?post=760"}],"wp:featuredmedia":[{"embeddable":true,"href":"https:\/\/senaleditora.com\/index.php\/wp-json\/wp\/v2\/media\/761"}],"wp:attachment":[{"href":"https:\/\/senaleditora.com\/index.php\/wp-json\/wp\/v2\/media?parent=760"}],"wp:term":[{"taxonomy":"product_cat","embeddable":true,"href":"https:\/\/senaleditora.com\/index.php\/wp-json\/wp\/v2\/product_cat?post=760"},{"taxonomy":"product_tag","embeddable":true,"href":"https:\/\/senaleditora.com\/index.php\/wp-json\/wp\/v2\/product_tag?post=760"}],"curies":[{"name":"wp","href":"https:\/\/api.w.org\/{rel}","templated":true}]}}